 4*x - 16 - 6*x. Let q be r(-9). Let m be (q - (-118)/3) + (-2)/(-3). Calculate the greatest common factor of m and 42.
42
Let m = -19900 + 20128. Calculate the highest common divisor of m and 2676.
12
Let m = -16945 + 21569. What is the greatest common factor of m and 952?
136
Suppose 49*j = -5 + 201. Suppose -s + 40 = 5*v, 3*v + 122 = j*s - 130. What is the highest common factor of s and 130?
10
Suppose -1228 - 324 = 12*q - 109*q. What is the greatest common divisor of q and 1296?
16
Let d(h) = 14*h + 3. Let l be d(3). Suppose -1930 - 1040 = -330*r. What is the highest common factor of r and l?
9
Suppose -147*x = -200*x + 76 + 2892. Suppose 2*b - 13 = -z, 9*z - 1 = -2*b + 4*z. What is the highest common divisor of x and b?
8
Suppose -614*r - 354 + 1582 = 0. Let d = 151 - -75. What is the highest common factor of d and r?
2
Let g = -12 + 12. Suppose -z + 22 = -g*z. Suppose 22 = 2*s - 0. Calculate the greatest common factor of z and s.
11
Let l be (0 - 2/5)/(8/160). Let m be l/(-20) + (-33)/(-5). Suppose 10*h = 13*h - 9. What is the greatest common factor of m and h?
1
Suppose 3*f = 5*t + 96, -17 - 7 = t - 3*f. Let z(k) = -16*k - 6. Let m be z(-3). Let i = t + m. Calculate the greatest common divisor of i and 60.
12
Let k be ((-2)/(-4) + 2)/(3/12). Suppose 11*y - k*y - 9 = 0. Calculate the greatest common divisor of y and 9.
9
Let k = -2404 - -3370. Calculate the highest common divisor of k and 42.
42
Suppose 29*d = 3*d + 416. Suppose -792 = d*o - 25*o. What is the highest common divisor of 33 and o?
11
Let w be (12/60 + 13/10)/((-204)/(-1496)). What is the greatest common divisor of 50897 and w?
11
Let a(k) = -4*k**2 + 56*k + 30. Let c be a(14). Calculate the greatest common divisor of 11190 and c.
30
Suppose 45*w + 56*w = 2727. What is the greatest common factor of w and 2916?
27
Suppose -3*o + 80 = -o. Let c(t) = 25*t + 35. Suppose 4*b = 6*j - j - 45, 2*b = j - 15. Let l be c(j). What is the highest common divisor of l and o?
40
Let t = 459 + -458. Let v be t/(10/1345) - (-2)/4. What is the highest common factor of v and 45?
45
Suppose -434 = -4*m - 0*m - 5*y, 540 = 5*m + 5*y. Let l be 0 - (-28)/5 - m/(-265). What is the greatest common factor of l and 138?
6
Let x(u) = -u**3 - 6*u**2 + 324*u + 1946. Let g be x(-6). Calculate the highest common factor of 958 and g.
2
Let w(f) = -387*f - 1417. Let z be w(-7). What is the highest common divisor of 209 and z?
19
Let x = 1394 - 839. Let c(s) = 9*s - 30. Let m be c(5). Calculate the greatest common divisor of m and x.
15
Suppose 2*u + 3*u = 560. Let j(w) = 31*w**2 - 6*w - 9. Let r be -5 - (207/(-45) - 3/(-5)). Let i be j(r). What is the highest common factor of u and i?
28
Suppose 206277*l + 11825 = 206320*l. Suppose -5*q + 635 = -0*z + 2*z, 5 = z. Calculate the highest common divisor of q and l.
25
Let z(h) = 8*h - 23. Let v be z(4). Suppose -16*r = v*r - 6050. Calculate the greatest common factor of 66 and r.
22
Let p(s) = -4*s**2 + 62*s - 46. Let m(r) = r**2 - 3*r. Let u(i) = -m(i) - p(i). Let n be u(19). Calculate the greatest common divisor of 1 and n.
1
Let n(k) = -3*k**2 - 27*k + 62. Let w be n(-14). Let r = w - -208. Calculate the highest common divisor of r and 12.
12
Let g(o) = o**3 + 34*o**2 - 58*o - 391. Let u be g(-31). What is the greatest common divisor of u and 26?
26
Suppose a = 2*n - 405, -56*n + 51*n + 3*a = -1011. What is the highest common divisor of n and 208?
4
Let p(i) = i**3 - 89*i**2 + 585*i - 5. Let v be p(7). Let n = 86 - 46. Calculate the greatest common divisor of n and v.
8
Let k = 2935 + -2812. What is the highest common divisor of 3936 and k?
123
Let y be 4/6 - 1144/33. Let r be -4 - -2 - (3 + y + 3). Let f = 35 - -30. What is the greatest common factor of r and f?
13
Let j be (-1034)/(-20) - (6 + 18/(-60) + -6). Calculate the highest common factor of j and 136.
4
Let l(r) = -r**3 - 2*r**2 + 13*r - 1. Suppose -1 = n + 5. Let u be l(n). What is the highest common factor of 10 and u?
5
Suppose 2*x + 65 = 7*x. Suppose 4*r - 220 = -0*r + 5*g, -3*r + 4*g + 164 = 0. Let p be (-22)/(1 - r/52). Calculate the greatest common factor of p and x.
13
Suppose -49*a - 272 + 289 = -767. What is the greatest common factor of a and 380?
4
Let i = -18 - -36. Let l = -637 + 1015. Suppose 0 = -93*d + 79*d + l. Calculate the highest common factor of d and i.
9
Suppose 1620 = -4*y + 8*y. Let w(s) = -2*s**2 + 3*s + 180. Let b be w(9). Calculate the greatest common divisor of y and b.
45
Suppose 6*o + 4*a - 451 = 183, -o + 3*a + 102 = 0. What is the highest common factor of o and 3675?
105
Let z be 3/(-21) - (-184)/14. Let u(r) = 2*r - 28. Let j be u(17). Suppose 0 = -7*p + j*p + 52. What is the highest common factor of p and z?
13
Let u = -62 + 203. Let h = u - 51. Calculate the greatest common factor of h and 60.
30
Let v(w) = w + 26. Let t be v(5). Suppose 147 = -26*y + t*y - 3*j, -3*j = 2*y - 63. Calculate the highest common divisor of y and 195.
15
Let j be (-5 + 15)*(-5 + -1). Let s = -48 - j. Calculate the highest common factor of s and 78.
6
Let y(v) = 55*v + 1. Let d be y(2). Suppose -17*u + 12*u = -5*j - 130, 0 = -u + 3*j + 60. What is the greatest common factor of u and d?
3
Let g(k) = -2*k**3 + 31*k**2 + 21*k - 53. Let b be g(16). What is the greatest common divisor of b and 657?
9
Suppose -q + 174 - 122 = -822. What is the highest common divisor of 46 and q?
46
Let z(i) be the third derivative of 11*i**6/15 + i**5/30 - i**4/6 + 7*i**3/6 - 4*i**2 - 2*i. Let t be z(2). What is the highest common factor of 9 and t?
9
Suppose 808*w + 18326 = 830*w. Calculate the greatest common divisor of 49 and w.
49
Let j = 43 + -41. Let x be 1/((-3)/6)*j. Let b be ((-35)/(-14))/((-2)/x). Calculate the highest common factor of b and 1.
1
Suppose 192 = -7*n + 9*n. Let o(m) = 19*m + 56*m + 57*m - 24 - 176*m. Let q be o(-2). Calculate the highest common factor of q and n.
32
Let v(j) = -13*j - 30*j**2 + 67 + 8*j**2 + 27*j**2. Let m be v(6). What is the greatest common factor of m and 13?
13
Suppose 3*f - 24 = -18. Suppose x = -5*u + 6*x + 30, 0 = -2*u - f*x - 4. Suppose 2 + 0 = u*g. What is the highest common divisor of 3 and g?
1
Suppose 11967 = 132*s - 12981. Let u be 3/(-12) + (-218)/(-8). Calculate the greatest common factor of u and s.
27
Let p(l) = 143*l - 1814. Let i be p(14). Calculate the greatest common factor of 268 and i.
4
Let h = 17828 - 15620. Calculate the greatest common factor of 138 and h.
138
Suppose 4*c = -4*x - 25 + 145, 3*c - 118 = 4*x. Let p be 44/(c/52 + 2/(-13)). What is the highest common factor of p and 80?
8
Suppose 6*t - 2*t = 5*v + 13, -11 = 5*v - 3*t. Let k(o) = -116*o**3 - 4*o**2 - o + 1. Let j be k(v). Calculate the greatest common divisor of 12 and j.
6
Suppose -p = -104 + 29. Suppose 2*q - 5*u - 205 + 145 = 0, u - 42 = -5*q. What is the greatest common factor of q and p?
5
Let c = -1 + 17. Suppose 3*y + 2*m = -0*m + 442, 5*m - 313 = -2*y. Calculate the greatest common factor of y and c.
16
Let c = -5395 + 10161. Suppose 7*d = c + 239. What is the highest common divisor of d and 55?
55
Let s(c) = 56*c**2 + 359*c + 39. Let w be s(-7). What is the highest common factor of 170 and w?
10
Suppose 6*y - 3692 - 5884 = 0. What is the highest common divisor of 112 and y?
28
Let p(q) = 2*q**3 - 110*q**2 + 21*q + 52. Let j be p(55). Suppose 9*u - 41 = 112. Calculate the highest common factor of j and u.
17
Let o be -2 - 31 - (-2 - 1). Let v = o - -60. Let i = -2854 + 3094. What is the greatest common factor of v and i?
30
Let u = 16840 - -8425. What is the greatest common divisor of u and 155?
155
Let g be (-42 - -28)*15/(-2). Let f be 21*25*14/g. What is the greatest common factor of 40 and f?
10
Suppose -1374*y + 31993 = -2739*y + 1388*y. What is the greatest common divisor of y and 856?
107
Let o be (-8)/24 - (-7)/3. Let y be 33 + -35 - 2/o*-10. Calculate the highest common divisor of 512 and y.
8
Suppose -75 = -51*v + 56*v. Let c be (-1 - 18/v) + 3824/80. What is the highest common factor of c and 60?
12
Let l = -110 + 135. Suppose -l = -5*c + 10. Let z = 27 - c. What is the greatest common factor of 100 and z?
20
Let b(w) = -21*w**3 - 6*w**2 + 33*w + 98. Let o be b(-3). What is the greatest common divisor of 288 and o?
32
Let v(z) = 222*z**2 - 744*z - 2229. Let c